se
Let x(t) = -76307*t**3 + t**2 + 5*t + 6. Is x(-1) a composite number?
True
Let k(p) = p**3 + 2*p**2 - 10*p - 5. Let t be k(-4). Suppose -4*q = -2*g - t*g + 34528, -4*q = 8. Suppose -9998 = -18*d + g. Is d composite?
True
Let r(g) = -24471*g + 367. Is r(-4) a prime number?
True
Let h(w) = 93*w**3 - w**2 - 3*w + 4. Let z be h(3). Let y(p) = 185*p + 529. Let u be y(-5). Let d = z + u. Is d a composite number?
True
Let i be (-242194)/(-18) + (-12)/54 + -1. Let v = i - 8811. Is v composite?
False
Let n(f) = -26*f**3 + 12*f**2 + f + 72. Is n(-11) prime?
False
Let v(o) = -387*o + 387*o + 259*o**2 + 2. Is v(3) prime?
True
Let p = 28990 - -24969. Is p composite?
False
Let x(h) = h**3 + 6*h**2 + 118*h + 243743. Is x(0) prime?
False
Let s(p) = -75*p**3 - p**2 + 58*p - 33. Is s(-28) a prime number?
True
Suppose -46*u = -54*u. Let f(x) = 20*x + 1327. Is f(u) composite?
False
Let n = 47 + -57. Let x be ((-2)/(-3))/(n/(-855)). Suppose -34 = -v + x. Is v a composite number?
True
Suppose 84 = 3*w + w. Let i(n) be the first derivative of n**3/3 - 17*n**2/2 - 29*n - 107. Is i(w) a prime number?
False
Suppose 0 = -29*n + n + 1475068. Is n a prime number?
False
Let b be (-235)/25 + 5 - (-6)/15. Suppose 35 - 11 = 4*a. Is 14231/38 + a/b a composite number?
False
Let j(h) be the second derivative of -13*h**3/6 - 5*h**2 - 4*h. Let z be j(-1). Is (-33)/(z/(-3)*(-4 - -5)) a prime number?
False
Suppose -10*w + 42 = -4*w. Let q = w - 902. Let m = q - -1412. Is m a prime number?
False
Is (19/(-3))/((-111)/4155507) composite?
True
Suppose 1748911 = 14*f + 5225. Is f a prime number?
False
Suppose 74*g - 100*g + 34049210 = 0. Is g prime?
False
Suppose -6*z + 9*z - 6 = 0. Suppose -3 - z = -a. Suppose -j = -a*j + 3748. Is j a composite number?
False
Let k(v) = 148*v**2 - 26*v - 1237. Is k(42) a composite number?
False
Let p = 1489168 + -965999. Is p prime?
True
Suppose -359802051 - 87765920 = -437*c. Is c a prime number?
True
Let u = -9870 - 26212. Is (7 + -2)/((-10)/u) a composite number?
False
Suppose 87*z - 82*z + 8335 = 0. Let l = z + 3720. Is l composite?
False
Let f = 255 + -248. Is (((-3297)/6)/f)/(10/(-40)) prime?
False
Suppose 4*k - 2200 = -3*w, -k - 4*w - 1100 = -3*k. Suppose 13*d + 305 = -q + 9*d, 0 = 3*d - 6. Let x = k + q. Is x prime?
False
Suppose -118196 = -16*x - 61683 + 76719. Is x composite?
True
Let c be (4/6)/((-28)/(-126)). Suppose -c = -2*v + 1. Is (v/(-3))/(2/(-3207)) composite?
False
Let b = -5824 - -12821. Is b a composite number?
False
Suppose 54*r - 51*r + 4321786 = 5*v, -5*r = -5*v + 4321780. Is v composite?
False
Suppose 3*c + 4*a = -72, 5*c = 5*a - 60 - 60. Is -30036*((-66)/c + -3) a composite number?
True
Let m(f) = -f**3 - f**2 + f + 1. Let k be m(-4). Suppose -k*p + 23*p + 69146 = 0. Is p a prime number?
False
Is -2*7/(-84)*4539162 composite?
False
Suppose 13 - 1 = 5*x + 4*r, 26 = 4*x - 5*r. Suppose -3*y + 49760 = -9*a + x*a, -33195 = -2*y - a. Is y composite?
True
Let p be ((-20)/40)/((-2)/8). Suppose x = -4*j + 5565, 4*x + p*j - 22328 = 3*j. Is x a composite number?
False
Let a(p) = 409*p + 16. Let c be a(-3). Let u = 2119 + c. Suppose 113 - u = -5*j. Is j a composite number?
True
Let n(s) = -241880*s - 10497. Is n(-7) a prime number?
True
Let v(g) = 12*g**3 + 8*g**2 - 63*g + 362. Is v(31) composite?
False
Let g = 56 - 52. Suppose -g*u = n + 73 - 369, -4*n + 1203 = -3*u. Suppose n + 171 = 3*q. Is q prime?
True
Let r = 61 + -46. Let b = r + -13. Is 0 + (182 - 1) - b prime?
True
Let t(c) = c**2 - 19*c + 41. Let n be t(17). Suppose n*a + 4953 = 16412. Is a prime?
True
Let y(i) = -83*i + 89. Let z be y(21). Let f = z + 5759. Is f a composite number?
True
Let s(y) = 4199*y**3 + y**2 + 5*y - 12. Let j be s(2). Suppose 5*b + j = 111599. Is b prime?
True
Suppose 0 = -11*h + 3837983 - 1084469 + 315365. Is h composite?
True
Let j = 542449 + -325574. Suppose 691566 - j = 17*v. Is v a composite number?
True
Let c(z) = -117*z - 5056. Is c(-89) a prime number?
False
Let k = -2688 - -1786. Let s be 4/26 + k/286. Is (236 - -1) + (s - 1) a composite number?
False
Let l(c) = 2*c**2 + 2*c - 1120. Let p be l(23). Let u(v) be the second derivative of -29*v**3/6 - 3*v**2 - v. Is u(p) a prime number?
False
Suppose -9*w + 71623 = -16424. Suppose -f + w = 2*q, 3*f - 29361 = -q - 2*q. Is f a composite number?
False
Let t(g) = 23*g - 31. Let x(u) = 15*u - 21. Let l(d) = -5*t(d) + 8*x(d). Let o be l(5). Is (92/o)/((-1)/(-9)) a composite number?
True
Suppose 13 = 31*i - 111. Suppose i*o - 82 = b + 9247, 3*b - 7008 = -3*o. Is o composite?
False
Let b be ((8/4)/2)/((-5)/(-13485)). Suppose -3*w = 3*r - 22509, r - 4*w = b + 4786. Is r a composite number?
False
Let j(s) = -7*s + 180. Let h be j(25). Is h + 1 + (-7 - -3378) prime?
False
Suppose -287 + 84 = -c. Let h be c/42 - (-2)/12. Suppose -l + 121 = 4*x, 8*l = h*l + 3*x + 333. Is l a composite number?
False
Let z(p) = 388*p + 40009. Is z(0) a prime number?
True
Suppose f + q + 1 = 0, 3*q - 6*q = -4*f + 3. Let w = -3231 - -5324. Suppose f = 4*v - 3*m - 2782, -4*v - m + w = -v. Is v a composite number?
True
Suppose 3*i - 23 = -4*h, 3*i + 3*h = 2*h + 26. Suppose -2*x + 970 = -72. Suppose -x = i*j - 10*j. Is j composite?
False
Suppose -40*y = -916872 - 147008. Is y composite?
False
Suppose -13*r - 738474 = -24*r + 1917817. Is r prime?
False
Suppose 0 = -3*q + q + 2*l + 5152, 4*q + l = 10304. Suppose -7*h + 0*h = q. Let u = 847 + h. Is u a composite number?
False
Suppose 16168 - 4193 = w. Suppose 3*o = 2*v - 5*v + 11973, 3*o + 4*v = w. Is o composite?
False
Let z(m) = -m**3 + 12*m**2 + 14*m + 21. Let w be z(13). Let u be w/14 + (-3)/7. Suppose 0 = f - 2*q - 125, 4*f - u*q = -5*q + 445. Is f composite?
True
Suppose 9*q - 2276248 = -101*l + 96*l, 0 = -4*q - 3*l + 1011665. Is q prime?
False
Suppose 5*v + 1299 = 4*g, -4*g + v + 1528 = 241. Suppose 0 = -320*o + g*o + 11854. Let s = 21647 + o. Is s prime?
False
Let k be ((-156)/20 - -5)/(3/(-15)). Suppose 63 - 7 = k*o. Is (16/(-6) + 2)*(-54042)/o prime?
True
Let w be (-14)/1 + (-3 - (-3)/3). Let z be (-5584)/3 - w/(-24). Let q = 3397 + z. Is q a composite number?
True
Let y(r) = -3*r**3 - 11*r**2 - 7*r - 1. Let u(n) = -n + 6. Let s(j) = -2*j + 11. Let x(v) = 3*s(v) - 5*u(v). Let g be x(9). Is y(g) a prime number?
True
Let i(t) = 87*t**2 - 8*t - 5. Let x(v) = -85*v**2 + 6*v + 3. Let w(z) = -3*i(z) - 4*x(z). Let s = 3 - 5. Is w(s) composite?
True
Is (20/(-12))/(5 + (-112)/24) + 38904 a composite number?
True
Let k(a) be the second derivative of a**4 - 19*a**3/6 - 12*a**2 - 11*a. Let c be k(-10). Suppose f = -4*g + 6*g - c, 2*g - 1378 = -2*f. Is g a composite number?
True
Suppose b = -5 - 9. Let o = 33 + b. Is -15 + o + -5 + 1 - -127 composite?
False
Let h(f) = 2*f**3 + f**2 + 8*f + 109357. Is h(0) a composite number?
False
Suppose -2*v = -2*y - 10 - 0, y = 4*v - 35. Suppose -9015 = -4*i - 3*d, 8*d - 6757 = -3*i + v*d. Is i a composite number?
True
Let v = -10543 + 6849. Is ((-10)/(5 - 0))/(4/v) a prime number?
True
Suppose 3*j = p - 866500, 2231098 = 3*p - 4*j - 368377. Is p a prime number?
False
Suppose h - 5*m = 62, 5*h - m - 487 = -153. Suppose 3*b - 404 = -q - 4*q, -q = -4*b - h. Is q a composite number?
False
Suppose 0 = -3*m - 3*w + 87, -5*m - 5*w + 157 = -3*w. Suppose -29*p + 56 = -m*p. Is (-4)/p + 92715/147 a prime number?
True
Let n(k) = -2*k - 36. Let f be n(-19). Let p(g) = 106*g + 1 + 3 + f + 43*g. Is p(7) a composite number?
False
Suppose -4025 = -h + 148484. Is h prime?
False
Suppose 0 = 2*r + 5*u + 31, -38 + 7 = 5*r - 3*u. Suppose -2*b + 3*k = -10, 5 - 3 = 2*b - k. Is b*844/r*2 a composite number?
False
Let a(w) = 36*w**2 - 12*w - 15. Let x(c) = -c**2 + c + 1. Let y(o) = a(o) + 4*x(o). Let q be y(-7). Let m = -724 + q. Is m prime?
False
Suppose -2*o - 18 = 34. Let q = -10 - o. Suppose q*j - 959 = 15*j. Is j a prime number?
False
Suppose 4*n - 39987 = -3*j, -5*n - 3*j - 3397 = -53380. Let g = n - 9. Is g a prime number?
False
Is 1 + 2 + 139824 + 412/103 a composite number?
False
Suppose 3*r + 19 = -5*o, -5*r - o + 5 = -0*o. Suppose 3*z - 4*h - 8750 = 32324, r*h = z - 13692. Is 6/36 + z/12 composite?
True
Let u = -20155 + 161546. Is u composite?
True
Let k be (-10)/(-8) + 763/436. Let o(a) be the second derivative of 167*a**3/6 - 2*a**2 + a. Is o(k) a prime number?
